
Does 12 divide 8932019?
False
Is 254920 a multiple of 41?
False
Does 27 divide 195615?
True
Is 52 a factor of 15345616?
True
Does 36 divide 22788?
True
Is 206 a factor of 51407?
False
Does 2 divide 680967?
False
Does 483 divide 245364?
True
Does 11 divide 3241664?
False
Is 440 a factor of 7867200?
True
Is 32 a factor of 1344798?
False
Does 12 divide 179424?
True
Is 3079296 a multiple of 24?
True
Does 696 divide 6591120?
True
Is 31488398 a multiple of 25?
False
Is 797930 a multiple of 70?
True
Does 6 divide 426400?
False
Does 102 divide 9486?
True
Is 642 a factor of 669170?
False
Is 78507 a multiple of 149?
False
Is 56185 a multiple of 17?
True
Is 341 a factor of 4695859?
False
Is 8 a factor of 1325016?
True
Is 10602719 a multiple of 14?
False
Is 11 a factor of 232154?
False
Does 9 divide 80629?
False
Is 217 a factor of 507194?
False
Is 79294 a multiple of 19?
False
Is 8 a factor of 86256?
True
Does 315 divide 1201463?
False
Does 30 divide 233250?
True
Is 504730 a multiple of 85?
True
Is 42028 a multiple of 28?
True
Does 61 divide 1536834?
True
Is 23 a factor of 7062719?
False
Is 50 a factor of 362405?
False
Is 154882 a multiple of 53?
False
Does 659 divide 739355?
False
Is 13924159 a multiple of 282?
False
Is 6403 a multiple of 14?
False
Is 202384 a multiple of 91?
True
Is 55 a factor of 157070?
False
Is 85248 a multiple of 6?
True
Is 110 a factor of 99684?
False
Is 10424336 a multiple of 208?
True
Is 1013 a factor of 1498146?
False
Is 1157640 a multiple of 110?
True
Is 7782201 a multiple of 69?
False
Is 150 a factor of 208628?
False
Is 4 a factor of 113204?
True
Is 1274675 a multiple of 5?
True
Is 108181 a multiple of 251?
True
Is 6 a factor of 13632046?
False
Is 4 a factor of 19248?
True
Does 197 divide 792728?
True
Does 506 divide 9890929?
False
Does 369 divide 73557?
False
Is 341 a factor of 290425?
False
Is 495837 a multiple of 333?
True
Is 3129 a multiple of 6?
False
Is 19 a factor of 17613?
True
Is 1520124 a multiple of 48?
False
Does 18 divide 53874?
True
Is 2517 a multiple of 135?
False
Is 756276 a multiple of 12?
True
Is 92 a factor of 3766572?
True
Does 339 divide 23052?
True
Does 27 divide 36522?
False
Does 14 divide 74376?
False
Does 402 divide 699710?
False
Does 41 divide 1441724?
True
Does 11 divide 29678?
True
Is 12031747 a multiple of 1203?
False
Is 10 a factor of 1486?
False
Does 3226 divide 28608168?
True
Is 29 a factor of 3576665?
False
Does 1612 divide 551304?
True
Does 10 divide 924970?
True
Is 4155828 a multiple of 223?
True
Is 749 a factor of 366003?
False
Is 203251 a multiple of 99?
False
Is 7527973 a multiple of 628?
False
Does 3 divide 1399431?
True
Is 26312 a multiple of 23?
True
Does 19 divide 2356055?
False
Is 16 a factor of 288624?
True
Does 127 divide 1244062?
False
Is 817 a factor of 2696100?
True
Is 58 a factor of 8394166?
True
Does 46 divide 86317?
False
Is 589815 a multiple of 15?
True
Is 548204 a multiple of 124?
True
Is 43 a factor of 35475?
True
Is 160 a factor of 327680?
True
Is 1439052 a multiple of 29?
False
Is 31488 a multiple of 32?
True
Is 1948716 a multiple of 99?
True
Does 1064 divide 2283545?
False
Is 286009 a multiple of 4?
False
Does 327 divide 201759?
True
Does 17 divide 55159?
False
Is 677808 a multiple of 81?
True
Is 6814475 a multiple of 260?
False
Does 47 divide 449832?
False
Is 45 a factor of 118845?
True
Does 393 divide 41896?
False
Does 860 divide 4858140?
True
Does 11 divide 152393?
False
Is 1362744 a multiple of 243?
True
Is 436170 a multiple of 210?
True
Is 620301 a multiple of 3?
True
Is 90 a factor of 226747?
False
Is 76199 a multiple of 23?
True
Is 6070680 a multiple of 876?
True
Is 635251 a multiple of 11?
False
Is 23 a factor of 4941619?
True
Is 1694 a factor of 1434254?
False
Does 589 divide 77748?
True
Is 14 a factor of 385462?
True
Is 9 a factor of 2415928?
False
Does 26 divide 189020?
True
Is 432630 a multiple of 33?
True
Is 13 a factor of 32204?
False
Is 4036013 a multiple of 96?
False
Is 1130299 a multiple of 17?
False
Is 237 a factor of 1719909?
True
Is 2826558 a multiple of 52?
False
Is 2329148 a multiple of 36?
False
Does 13 divide 4534751?
True
Is 119 a factor of 7259?
True
Is 36739 a multiple of 3?
False
Does 11 divide 924330?
True
Is 161055 a multiple of 94?
False
Is 1891089 a multiple of 57?
True
Is 101 a factor of 8104909?
False
Is 23 a factor of 30981?
True
Is 3 a factor of 6474?
True
Is 8934556 a multiple of 628?
True
Is 33 a factor of 13438590?
True
Does 35 divide 572406?
False
Is 201963 a multiple of 505?
False
Does 92 divide 33212?
True
Is 1277272 a multiple of 43?
True
Is 152 a factor of 1740274?
False
Is 3744032 a multiple of 7?
False
Is 43 a factor of 63250?
False
Is 17 a factor of 171607?
False
Is 1706 a factor of 24787974?
False
Does 49 divide 232897?
True
Is 653130 a multiple of 45?
True
Does 181 divide 310234?
True
Does 570 divide 862232?
False
Is 575 a factor of 6962765?
False
Is 254 a factor of 26552391?
False
Is 2931930 a multiple of 90?
True
Does 215 divide 571057?
False
Does 140 divide 9288129?
False
Is 7269723 a multiple of 57?
True
Is 4 a factor of 11477?
False
Is 1498490 a multiple of 70?
True
Does 271 divide 15897131?
True
Is 619290 a multiple of 42?
True
Is 328 a factor of 111058?
False
Does 660 divide 2646930?
False
Is 233 a factor of 65473?
True
Does 39 divide 88815?
False
Is 337323 a multiple of 3?
True
Does 18 divide 62622?
True
Is 5288 a multiple of 39?
False
Is 62 a factor of 235171?
False
Is 37665 a multiple of 9?
True
Is 355640 a multiple of 23?
False
Does 262 divide 132172?
False
Is 50646 even?
True
Is 165021 a multiple of 19?
False
Is 36594 a multiple of 57?
True
Is 240786 a multiple of 42?
True
Is 12 a factor of 1788?
True
Is 76 a factor of 4651455?
False
Is 14 a factor of 72094?
False
Is 13006266 a multiple of 13?
True
Is 58 a factor of 2635454?
False
Does 153 divide 491539?
False
Is 113 a factor of 331287?
False
Is 14 a factor of 8578?
False
Is 3 a factor of 4522743?
True
Is 14 a factor of 57778?
True
Is 36498 a multiple of 33?
True
Does 301 divide 1014671?
True
Is 3104018 a multiple of 94?
False
Is 139177 a multiple of 39?
False
Does 21 divide 1250310?
False
Does 1077 divide 360795?
True
Is 128 a factor of 3607022?
False
Does 11 divide 253052?
False
Does 68 divide 22024316?
True
Does 43 divide 164318?
False
Does 173 divide 11909?
False
Is 1096322 a multiple of 4?
False
Is 47 a factor of 205813?
True
Is 15 a factor of 16402?
False
Does 13 divide 1300?
True
Is 1861892 a multiple of 124?
False
Is 11 a factor of 59235?
True
Does 19 divide 67659?
True
Does 389 divide 42790?
True
Does 134 divide 222574?
True
Is 10 a factor of 277784?
False
Does 5 divide 36291?
False
Does 130 divide 339560?
True
Is 535808 a multiple of 33?
False
Is 14032 a multiple of 92?
False
Is 1584684 a multiple of 12?
True
Does 43 divide 45921?
False
Does 14 divide 107786?
True
Is 470000 a multiple of 47?
True
Is 19 a factor of 89527?
False
Is 94 a factor of 1617896?
False
Is 67 a factor of 2000285?
True
Does 20 divide 5687804?
False
Is 10 a factor of 48850?
True
Is 261 a factor of 5147964?
True
Is 2292019 even?
False
Does 9 divide 853560?
True
Does 208 divide 511762?
False
Is 178440 a multiple of 30?
True
Does 242 divide 1717716?
True
Is 127 a factor of 166997?
False
Does 14 divide 35658?
True
Is 636167 a multiple of 138?
False
Does 227 divide 155606?
False
Is 66 a factor of 26095471?
False
Is 26904 a multiple of 12?
True
Is 167908 a multiple of 13?
True
Is 22 a factor of 10496627?
False
Does 884 divide 3746392?
True
Is 27 a factor of 1994166?
True
Does 12 divide 82428?
True
Is 4952479 a multiple of 52?
False
Does 47 divide 3987903?
True
Does 11 divide 334774?
True
Does 953 divide 13573579?
True
Is 15035109 a multiple of 65?
False
Is 10 a factor of 145888?
False
Is 94617 a multiple of 12?
False
Is 1478183 a multiple of 7?
True
Does 1012 divide 2143416?
True
Does 71 divide 351880?
False
Is 78 a factor of 3876756?
True
Is 1409641 a multiple of 13?
False
Is 45241 a multiple of 24?
False
Is 29 a factor of 760971?
False
Is 651 a factor of 1044204?
True
Is 118 a factor of 945614?
False
Does 508 divide 206248?
True
Does 789 divide 8619314?
False
Is 4299913 a multiple of 21?
False
Does 143 divide 1058841?
False
Is 21 a factor of 5229?
True
Is 2418174 a multiple of 1